 - 12*o - 11. What is a(12)?
-11
Let a(w) = -w**3 - 13*w**2 - 9*w - 35. Determine a(-14).
287
Let i(s) = -1113*s - 139131. Calculate i(-125).
-6
Let u(f) = f**2 - 20843*f + 83356. What is u(4)?
0
Let o(s) = -27*s - 1697. What is o(-65)?
58
Let g(s) = -s**2 + 74*s - 432. What is g(68)?
-24
Let u(k) = -2*k**3 - 48*k**2 + 864*k + 5. Determine u(-36).
5
Let l(o) = -o**3 - 44*o**2 - 41*o - 94. Calculate l(-43).
-180
Let x(o) = -o**3 + 348*o**2 - 27358*o - 236. Determine x(120).
4
Let s(j) = j**3 - 74*j**2 + 4*j - 215. Give s(74).
81
Let p(f) = -15*f**2 - 316*f - 16. Calculate p(-21).
5
Let a(r) = -r**2 - 466*r + 7698. Determine a(16).
-14
Let r(w) = w**2 + 147*w + 5381. Calculate r(-82).
51
Let y(b) = 5*b - 190. Determine y(37).
-5
Let b(h) = -h**3 - 80*h**2 + 251*h - 51. What is b(-83)?
-217
Let k(t) = t**2 - 14*t - 422. Calculate k(29).
13
Let j(i) = 2*i**3 - 62*i**2 - 291*i - 42. Give j(-4).
2
Let h(u) = -u**2 - 80*u + 19414. What is h(-185)?
-11
Let d(k) = -11*k**2 + 16*k + 58. What is d(-3)?
-89
Let y(f) = 15*f**2 + 100*f - 95. Calculate y(1).
20
Let p(x) = -5*x**2 - 572*x - 1146. Determine p(-2).
-22
Let s(a) = -a**3 + 66*a**2 + 577*a - 120. What is s(-8)?
0
Let q(n) = 2*n**2 + 46*n - 449. What is q(-30)?
-29
Let u(n) = -4*n**3 - 50*n**2 - 29*n - 723. What is u(-13)?
-8
Let n(v) = -v + 36. Determine n(15).
21
Let q(n) = 7*n**2 - 10*n - 32. Determine q(-5).
193
Let x(s) = -s**3 + 19*s**2 - 98*s - 21. Give x(10).
-101
Let l(r) = 45*r**3 - 315*r**2 + 8*r - 94. What is l(7)?
-38
Let j(n) = -3*n**3 - 44*n**2 - 32*n - 3. Determine j(-14).
53
Let m(k) = k**3 + 5*k**2 + 15*k + 34. What is m(-3)?
7
Let w(k) = -44*k - 776. Give w(-18).
16
Let o(z) = -z**2 - 26*z + 54. Give o(-21).
159
Let o(l) = -16*l**2 + 4080*l - 24. Calculate o(255).
-24
Let o(a) = 2*a**3 - 6*a**2 + 29*a - 44. Calculate o(2).
6
Let f(j) = -j**2 + 295*j - 21544. Give f(133).
2
Let w(x) = -1348*x - 1344. What is w(-1)?
4
Let c(v) = -87*v + 503. Determine c(7).
-106
Let k(c) = 241*c - 8. Calculate k(-1).
-249
Let v(o) = 2*o**3 - 4*o**2 - 6*o - 12. What is v(-5)?
-332
Let a(v) = -2*v**2 + 23*v - 35. Determine a(3).
16
Let r(s) = 14*s**3 + 12*s**2 + 25*s + 55. Give r(-2).
-59
Let w(f) = f**2 + 35*f + 175. Calculate w(-26).
-59
Let m(x) = -x**3 + 66*x - 21. Determine m(8).
-5
Let i(j) = -18*j**2 + 50*j + 53. Calculate i(-4).
-435
Let s(o) = -o**3 - 19*o**2 + 198*o + 209. Give s(-26).
-207
Let z(i) = 3*i**2 - 200*i - 9224. Give z(98).
-12
Let y(c) = -c**3 + 12*c**2 + 8*c + 4. Calculate y(4).
164
Let l(n) = 3*n**3 + 33*n**2 + 30*n - 29. Give l(-9).
187
Let i(z) = z**2 + z - 19. Give i(9).
71
Let t(k) = 11*k**2 - 193*k + 749. Determine t(4).
153
Let s(c) = -500*c + 16492. Give s(33).
-8
Let y(c) = -c**3 - 11*c**2 - 10. Calculate y(-11).
-10
Let j(n) = -n**3 - 11*n**2 + 50*n + 1. Determine j(4).
-39
Let f(m) = -13*m - 222. Give f(-19).
25
Let m(j) = 50*j**2 - 4847*j - 295. What is m(97)?
-4
Let r(z) = 631*z + 2509. Determine r(-4).
-15
Let t(d) = -d**3 + 107*d**2 - 83*d - 2440. Determine t(106).
-2
Let n(w) = 775*w - 1543. Calculate n(2).
7
Let f(g) = 8*g**2 - 252*g - 106. Calculate f(32).
22
Let r(d) = 2*d**2 - 142*d + 1289. Calculate r(57).
-307
Let a(z) = 3*z**3 - 182*z**2 + 117*z + 240. Determine a(60).
60
Let l(n) = -2*n**2 - 9*n + 139. Calculate l(6).
13
Let i(g) = 4*g**2 - 117*g + 782. What is i(18)?
-28
Let u(t) = -t**3 - 82*t**2 - 29*t + 4211. Determine u(-81).
-1
Let i(h) = -229*h + 46. What is i(2)?
-412
Let d(s) = s**3 + 8*s**2 + 5*s - 108. Calculate d(-5).
-58
Let h(u) = 2*u**3 + 27*u**2 + 3*u - 134. Determine h(-13).
-4
Let i(r) = 191*r - 968. Calculate i(5).
-13
Let s(v) = 9*v - 95. What is s(-18)?
-257
Let h(v) = -15*v + 572. What is h(34)?
62
Let f(k) = -2*k**3 - 32*k**2 - 11*k - 15. Calculate f(-6).
-669
Let a(b) = 3*b**3 - 254*b**2 - 346*b + 178. Calculate a(86).
6
Let y(z) = -387*z + 88. What is y(-1)?
475
Let k(b) = 44*b - 386. Give k(24).
670
Let q(y) = y + 5. Determine q(-13).
-8
Let f(o) = -12*o + 99. Determine f(2).
75
Let f(j) = -75*j + 152. Determine f(2).
2
Let w(j) = 12*j**2 + 48*j + 2. Give w(-4).
2
Let s(o) = -46*o**2 - 560*o - 102. Give s(-12).
-6
Let o(r) = r**2 - 42*r + 431. Calculate o(16).
15
Let w(v) = 2*v**3 - 32*v**2 + 71*v + 66. Give w(13).
-25
Let h(m) = 76*m**3 - 3*m**2 + 58*m - 56. Give h(1).
75
Let k(g) = 98*g - 876. What is k(9)?
6
Let t(d) = -99*d + 313. Give t(3).
16
Let u(j) = 28*j + 444. What is u(-12)?
108
Let c(x) = 408*x + 200. Calculate c(0).
200
Let q(w) = w**3 - 8*w**2 + 10*w - 19. What is q(10)?
281
Let r(q) = -49*q + 422. Give r(18).
-460
Let k(p) = 3424*p - 47937. Calculate k(14).
-1
Let y(k) = -k**2 - 23*k - 60. What is y(-19)?
16
Let t(p) = 111*p + 19309. What is t(-174)?
-5
Let t(k) = k**2 - 13*k - 375. Calculate t(26).
-37
Let i(a) = -a**2 + 28*a + 288. Calculate i(36).
0
Let g(u) = -675*u + 2600. Give g(4).
-100
Let x(p) = -523*p - 437. Determine x(-1).
86
Let z(n) = -3*n**3 - 714*n**2 + 47*n + 11181. Calculate z(-238).
-5
Let x(u) = 12*u**3 + 4*u**2 - 7*u - 10. Calculate x(-3).
-277
Let l(f) = -f**3 + 32*f**2 - 192*f + 2. Calculate l(8).
2
Let g(r) = -r**2 - 141*r + 2009. What is g(13)?
7
Let z(f) = -3*f**2 + 7*f + 25. Determine z(0).
25
Let a(c) = -c**3 - 20*c**2 - c + 5. Determine a(-20).
25
Let c(f) = -11*f - 49. Determine c(10).
-159
Let o(r) = -53*r - 629. Calculate o(-12).
7
Let w(c) = 11*c**2 - 24*c + 60. Calculate w(0).
60
Let l(r) = -7*r**3 + 43*r**2 - r - 66. Calculate l(6).
-36
Let n(a) = a**3 - 7*a**2 + 41*a - 539. Determine n(9).
-8
Let x(o) = 325*o - 12021. What is x(37)?
4
Let a(m) = 6*m - 30. Determine a(-2).
-42
Let d(q) = 2414*q. Give d(0).
0
Let y(z) = -2*z**2 + 50*z - 41. What is y(22)?
91
Let k(f) = 2*f**3 - 8*f**2 + 16*f - 24. What is k(4)?
40
Let c(t) = -2*t**3 + 25*t**2 + 5*t + 50. Give c(13).
-54
Let x(a) = a**2 - 33*a + 203. What is x(11)?
-39
Let i(h) = -63*h + 2. Calculate i(-1).
65
Let q(d) = -4*d**2 + 91*d + 80. Calculate q(23).
57
Let x(k) = -22*k**2 - 10*k - 8. Give x(-3).
-176
Let j(n) = 19*n - 147. Calculate j(11).
62
Let s(m) = -m**3 - 44*m**2 + 105*m + 574. Give s(-46).
-24
Let h(k) = -2*k**3 - 49*k**2 - 22*k + 33. Give h(-24).
-15
Let o(b) = b**3 + 9*b**2 - 15*b + 24. Give o(-11).
-53
Let u(p) = 3*p**2 + 109*p + 101. Give u(-37).
175
Let i(p) = -237*p + 8068. Determine i(34).
10
Let x(j) = 2*j**3 + 16*j**2 - 31*j - 299. Calculate x(-6).
31
Let d(s) = -32*s + 758. What is d(20)?
118
Let x(f) = -f**2 - 51*f - 4. What is x(1)?
-56
Let d(z) = z**2 - 42*z + 18. Calculate d(14).
-374
Let j(c) = -c**3 + 7*c**2 - 4*c + 18. Determine j(8).
-78
Let a(y) = y**3 + 67*y**2 - 368*y - 434. Determine a(-72).
142
Let b(f) = f**3 + 10*f**2 + 19*f - 17. Determine b(-5).
13
Let m(b) = 21*b**3 - 8*b**2 + 5*b + 1. What is m(1)?
19
Let u(g) = g**3 + 14*g**2 + 43*g + 1151. Calculate u(-16).
-49
Let v(f) = -407*f + 34996. Determine v(86).
-6
Let n(z) = -131*z - 1666. Determine n(-13).
37
Let i(k) = k**3 - 34*k**2 + 28*k + 145. Calculate i(33).
-20
Let r(l) = -3*l**3 + 50*l**2 - 75*l + 17. Determine r(15).
17
Let o(l) = l**3 - 54*l**2 + 160*l + 8. Calculate o(3).
29
Let q(b) = -34*b - 547. Give q(-16).
-3
Let l(w) = 2*w**2 + 89*w - 1207. Determine l(11).
14
Let x(t) = -11*t + 55. Give x(-5).
110
Let b(u) = u**3 - 16*u**2 + 13*u - 190. Determine b(14).
-400
Let g(r) = 53*r - 19. What is g(0)?
-19
Let q(z) = z**2 + 211*z + 4547. Determine q(-24).
59
Let z(k) = 10*k**2 + 44*k - 170. What is z(-7)?
12
Let z(q) = 18*q + 56. Calculate z(0).
56
Let w(o) = -379*o - 1903. Give w(-5).
-8
Let p(k) = -5*k**3 + 4*k**2 - 8*k + 5. Give p(2).
-35
Let f(h) = 2*h**3 + 157*h**2 + 88*h + 798. What is f(-78)?
18
Let p(w) = -w**2 - 14*w - 235. What is p(-13)?
-222
Let g(y) = 182*y + 2840. What is g(-14)?
292
Let t(g) = g**3 - 14*g**2 - 917*g - 111. Determine t(-24).
9
Let k(t) = 707*t + 463. Determine k(-1).
-244
Let b(t) = -45*t + 566. What is b(9)?
161
Let n(c) = -7*c**2 - 30*c + 102. What is n(-7)?
-31
Let a(i) = -i**2 + 23*i - 61. Determine a(10).
69
Let g(z) = z**2 - 79*z + 993. Determine g(73).
555
Let y(n) = n**3 + 23*n**2 - 259*n - 349. Calculate y(-31).
-8
Let i(h) = -4*h**3 - 30*h**2 + 2*h - 4. Determine i(-6).
-232
Let a(o) = 131*o - 803. Determine a(6).
-17
Let d(u) = -2*u**3 + 6*u**2 - 23*u + 17. Determine d(5).
-198
Let f